or of 2016 and m.
63
Suppose -795 = 1234*t - 4497. Suppose 2*p - 5 = -3*p, 5*h + 3*p + 147 = 0. Let d = h + 54. Calculate the highest common divisor of t and d.
3
Let j be (-30)/(-125)*-80*(0 - 10). Calculate the greatest common divisor of j and 696.
24
Let j be (-20)/3*(-22 - (-689)/(-52)). Calculate the greatest common factor of 5 and j.
5
Let l be 1 + -3 + (-920)/(-40). Suppose -6*g - l*g = -297. Calculate the highest common factor of 187 and g.
11
Suppose -136*v - 30*v + 34021 = 6631. What is the greatest common factor of 240 and v?
15
Let d = -25 - -31. Let n be (-30)/d*(-1 - 0). Suppose 0 = n*y - y - 28. What is the greatest common factor of y and 77?
7
Let x(a) = 2*a**2 - 7*a - 3. Let k be x(-5). Suppose k + 1278 = 8*u. What is the highest common divisor of 238 and u?
34
Suppose 4*o = -3*x + x + 96, 4*x - 117 = -5*o. Suppose 30*n + 890 = 34*n + 2*p, -2*p - 10 = 0. What is the highest common factor of o and n?
25
Suppose -3*o + 2*l + 47 = 7, 0 = 5*o + 5*l - 25. Let j be 10/o + (-42)/(-1). Let w = 78 - j. What is the greatest common factor of 315 and w?
35
Let i = -102 - -104. Suppose 5*d + 8*d - 36894 = 0. Suppose i*a - 8*a + d = 0. What is the highest common factor of 43 and a?
43
Let k(x) = 10*x - 5. Let g be k(6). Suppose 4*n - 4*d = 260, 0 = 1230*n - 1235*n - 3*d + 245. What is the greatest common divisor of n and g?
55
Suppose 2*x + 2 = 4*x. Let n(s) = 54*s**2 + 3*s - 4. Let y be n(x). Calculate the greatest common factor of 106 and y.
53
Suppose -6*c = -5*c - 4*q - 51, 3*q = c - 50. Let t be 42 - (-15)/(-3)*-1. Calculate the highest common factor of c and t.
47
Let d be (-22)/121 + (1413/(-33) - 2). Let q = 59 - d. Calculate the highest common divisor of q and 24.
8
Suppose 4*v = -4*i + 4, 3*i - 11 = -30*v + 35*v. Suppose 2*h - 5*j - 45 = -h, -h + 4 = i*j. Let y = 4 - -11. Calculate the greatest common factor of h and y.
5
Let k = 2 + 3. Suppose -395 = -k*g + 845. Suppose 8*h - 3*x + 146 = 13*h, -x = 3*h - 90. Calculate the greatest common factor of h and g.
31
Let f be 3*(-2 - 16/(-6)). Let v be 28/35*(f - -3). Let s = 82 + -62. Calculate the highest common factor of v and s.
4
Let r(q) = -3*q**2 - 9*q + 1500. Let d be r(0). Calculate the greatest common divisor of 3 and d.
3
Suppose 2*u + 271 = i, 8*i - 3*u + 822 = 11*i. Calculate the greatest common divisor of i and 78.
39
Suppose 990 = -27*u + 33*u. Let d(o) = -o**2 - 16*o + 18. Let y be d(-15). Calculate the greatest common divisor of u and y.
33
Suppose -8*i = -6*i - 752. Suppose 4*d = -2*t + i, 7*t = -d + 2*t + 103. Let s = 96 - d. Calculate the highest common factor of 3 and s.
3
Suppose -2*v = -0*v - 270. Suppose 4*r + r - v = 0. Suppose 1500*s + 26046 + 8495 = 86416 + 69625. Calculate the highest common factor of r and s.
27
Let k(r) = r**3 + 17*r - 51. Let t be k(3). What is the greatest common divisor of 4653 and t?
9
Suppose 17942 = 2*u + z, 0 = 4*u - 0*z - 3*z - 35914. What is the greatest common divisor of u and 14?
14
Let u(j) = 143*j - 20. Let g be u(1). Let i = 530 - g. Suppose 0 = 2*d + 10 - 84. What is the greatest common factor of i and d?
37
Suppose -12*v + 4045 - 1477 = 0. Let m = 274 - v. Calculate the highest common factor of m and 40.
20
Suppose 0 = 13*f - 1057 + 181 - 814. What is the greatest common factor of 1220 and f?
10
Let d = -229 + 409. Let g = 255 - d. What is the greatest common factor of 25 and g?
25
Suppose 0 = 2*o + 108 - 6. Let w = o - -82. Let n = -322 + 663. Calculate the greatest common factor of w and n.
31
Let m(x) = -11*x - 277. Let n be m(-23). Let p be n/(-40) + (-2 - (-234)/10). What is the highest common divisor of 440 and p?
22
Let p(v) = v**3 - 9*v**2 - 16*v - 18. Let d be p(11). Suppose 0 = 4*r - 5*r - 63. Let l = 135 + r. What is the highest common divisor of l and d?
24
Let w(r) = 2*r**3 + 78*r**2 - 100*r - 254. Let d be w(-40). What is the highest common factor of d and 117?
39
Let x be (-2)/21 - (-26780)/273. Let k = x + -76. What is the greatest common divisor of k and 11?
11
Let o = -400 + 777. Suppose 0 = 35*f - 1163 - o. Calculate the highest common divisor of 187 and f.
11
Suppose f = 4*v - 324, -40*f - 308 = -4*v - 35*f. Suppose v*t = 78*t + 1184. What is the greatest common divisor of 8 and t?
8
Let y = -8 + 8. Let w(q) = -q**2 - q + 6. Let m be w(y). Let x = -2930 - -2933. What is the highest common factor of m and x?
3
Let c(m) = 6*m**2 - 41*m + 172. Let h be c(5). Calculate the highest common factor of 650 and h.
13
Let l = -240 - -247. Suppose l*f + 13*f - 80 = 0. What is the highest common divisor of 16 and f?
4
Let d = -94989 + 95059. Suppose -910 = -0*i - 2*i. What is the highest common divisor of d and i?
35
Let z = 1624 + -313. Suppose 6*s + 57 = z. Calculate the greatest common factor of s and 11.
11
Let j = 1492 - 568. Suppose 13*q + j - 2900 = 0. What is the highest common factor of q and 190?
38
Suppose 4*g + 5*f = 178, 202 = 5*g - 2*f - 2*f. Suppose -442*o + 51*o = -175168. Calculate the highest common divisor of o and g.
14
Let t(o) = o**3 - 13*o**2 + 14*o + 30. Let b be t(12). Let c(x) = -x**2 - 9*x + 13. Let i be c(-10). Calculate the greatest common factor of b and i.
3
Let z be (6/4)/(-1)*-2. Let w be z/(2/(28/6)). Suppose 5*r + 45 = 4*x, 3*r + 57 = 3*x + w*r. What is the greatest common divisor of 3 and x?
3
Let n(g) = 42*g**3 + 3*g**2 - 3*g. Let v be n(1). Suppose 0 = -5*y + 4*l + 2193, -2*y = -6*y + l + 1761. What is the highest common factor of v and y?
21
Let z(x) = 11*x**3 + 3*x**2 + 3*x + 15. Let u be z(-3). Let c = u + 362. What is the highest common factor of c and 56?
14
Let r be -10 - (2/(-6) - (-5)/(-3)). Let o be 4 + r + 3 - -849. Calculate the highest common divisor of o and 53.
53
Let w(u) = u**3 + u**2 + 121. Let z be w(0). Suppose -5*x + 3*r + 70 = 0, 3*x - 35*r = -33*r + 43. Calculate the greatest common divisor of z and x.
11
Let j be ((-6)/(-11))/(42 - (-145440)/(-3465)). Let a = 3 - -60. What is the highest common divisor of j and a?
21
Let b(y) = 22*y**2 - 4*y - 3. Let a be b(-3). Let h = a - 156. Calculate the greatest common factor of h and 34.
17
Let v = -842 - -1778. Calculate the greatest common factor of v and 520.
104
Suppose -z + 3674 = 5*k, 59 = -3*z + 41. What is the greatest common divisor of 1380 and k?
92
Suppose -4*q - 22 = -342. Suppose 239 = 4*v - a, 3*a + 144 + 153 = 5*v. Calculate the greatest common factor of q and v.
20
Suppose 228 = 5*o - 212. Let d(g) = -24*g**2 + 30*g - 98. Let j be d(3). Let q = 232 + j. What is the greatest common factor of o and q?
8
Suppose -4*a + 1528 = a + 4*v, -5*v = -4*a + 1206. Let g be (0 - -6)*(-8)/12*-2. Suppose -37 = g*t - 165. What is the greatest common divisor of a and t?
16
Let x = 1775 - -188. Calculate the highest common divisor of 13 and x.
13
Suppose -16 = -62*p + 61*p. Suppose 33*k = 30*k + 24. Let v = p - k. Calculate the highest common divisor of v and 24.
8
Suppose d - 7172 = 55*g - 57*g, -3577 = -g - 5*d. What is the greatest common divisor of g and 17?
17
Let b(q) = 3*q - 3. Let d be b(2). Suppose 3*m = -g + 88, 5*g + 160 = d*m + 2*m. Let c be (9/(-4))/(27/(-360)). What is the greatest common divisor of c and m?
30
Suppose 6*u + 6*d - 109290 = 0, -3*u + 18*d + 54639 = 20*d. What is the highest common divisor of u and 278?
139
Let w be 839/2 - (-4)/(-32)*-4. What is the highest common divisor of w and 180?
60
Suppose 410*i + 3375 + 2635 = 40450. Calculate the greatest common divisor of 43008 and i.
84
Suppose b + 4*f - 1327 = 0, -171*b + 166*b + 6767 = -2*f. What is the highest common factor of 49 and b?
7
Suppose -5*i - 2*h + 14 = 0, 2 = -h + 2*h. Suppose -12 = i*b - 0. Let x be b/2*(-374)/66. What is the greatest common factor of 17 and x?
17
Let d = 12542 + -8501. What is the greatest common divisor of d and 9?
9
Let n(q) = 57*q**2 - 752*q + 1508. Let c be n(2). What is the greatest common divisor of c and 50?
2
Let c be (18921/265 - 12) + -2 + 26/10. What is the greatest common factor of 1296 and c?
12
Let i(t) = 3*t**2 + 29*t + 124. Let b be i(-5). Let w be 3/(5 + (-264)/b). Calculate the highest common divisor of w and 405.
27
Let y(a) = 3*a**2 - 2*a. Let x be y(4). Suppose 5*z + 565 = 2*r + 3*r, -2*z - 238 = -5*r. Let s = z + 117. Calculate the greatest common divisor of s and x.
8
Suppose 348 = 5*b +